and 5.
1
Let x be (-2)/(-8) - 1/4. Suppose -q + x*q + 4 = 0. Suppose -4*z - z = -30. What is the highest common divisor of z and q?
2
Suppose 2*q - 87 = -4*g - 3*q, 3*g = 5*q + 39. Let b be (25*3)/(27/g). What is the greatest common factor of 10 and b?
10
Let l(s) = 25*s**3 + 2*s**2 - s + 1. Let i be l(2). Suppose -2*r + i = 35. Let h = r - 42. Calculate the highest common divisor of h and 4.
4
Let r = 6 + 4. Calculate the highest common divisor of 10 and r.
10
Suppose -3*v + 30 = 2*v. Let j be (-636)/(-15) - 4/10. What is the greatest common factor of j and v?
6
Let l be 720/9 - (-1 - -1) - -4. What is the highest common divisor of l and 12?
12
Suppose 6*h = 7*h - 4. Calculate the highest common factor of h and 3.
1
Let v be 3 + -1 - (-40)/4. Suppose 89 = 2*r - 31. What is the highest common divisor of r and v?
12
Suppose 8 = 2*n - 2. Suppose -18 = n*w - 83. Let b be 52/(-10)*(0 - 10). Calculate the greatest common divisor of b and w.
13
Suppose -4*b = 7*b - 495. Calculate the greatest common factor of 27 and b.
9
Suppose 2*q - 36 = 3*v + v, 0 = -4*q + v + 72. Calculate the greatest common factor of 90 and q.
18
Let v = -22 - -38. Let k = 32 - v. Calculate the highest common divisor of k and 144.
16
Suppose 2*j - 68 = -28. What is the highest common factor of 140 and j?
20
Suppose 4*a + 2 = -3*x, a + x + 2 = -a. Let l be 20/12*(-6)/a. Calculate the greatest common divisor of l and 35.
5
Let j = -24 + 17. Let g = 9 + j. Suppose -34 - 2 = -g*h. Calculate the greatest common factor of h and 45.
9
Let g = 43 - 27. Let o = -1 + 0. Let h = o + 5. What is the highest common divisor of g and h?
4
Let k be 1/(1 + 48/(-50)). Calculate the highest common factor of 175 and k.
25
Let l = 21 + -18. Let p be (-2)/(-1*1/3). What is the greatest common divisor of l and p?
3
Let l(s) be the first derivative of s**3/3 + 7*s**2/2 + 9*s + 2. Let x be l(-7). What is the highest common divisor of 9 and x?
9
Let v be 4 + -1 + -1 + -1. Let o be v*(1 - 3) + 4. Suppose 4*r - 28 = -o*i - 4, -7 = -r - i. What is the highest common divisor of r and 15?
5
Let q = -12 + 2. Let y be -3 + (-2)/1*q. Let h(n) = -n**3 - 6*n**2 + n - 1. Let s be h(-8). Calculate the greatest common factor of s and y.
17
Let i be 1/(4/(-12)) - -4. Calculate the greatest common divisor of 11 and i.
1
Suppose -5*c - 4 + 14 = 0. Suppose 0 = -c*y + 3*r + 17, -r + 2 - 9 = -2*y. What is the greatest common divisor of 1 and y?
1
Suppose 3*c - 12 - 87 = 0. What is the highest common factor of c and 22?
11
Suppose 2*r - 7 = -3. Calculate the highest common factor of r and 14.
2
Suppose -5*a - 213 + 28 = 0. Let g = a - -64. Calculate the greatest common divisor of g and 3.
3
Let n be 4 + -2 + -3 + 121*1. Calculate the greatest common divisor of 20 and n.
20
Let q(i) = -i**3 - 3*i**2 + 2*i - 1. Let a be q(-4). Let c be 8/20 + a/(-5). Let x be c/(1*(-3)/18). Calculate the greatest common divisor of x and 6.
6
Let w be 4/(-6) - (-152)/(-24). Let m be 21/w - 3*-31. Let v be 212/6 - (-4)/6. Calculate the highest common divisor of v and m.
18
Let v = 15 + -6. Calculate the highest common divisor of 9 and v.
9
Let h = -54 + 73. What is the highest common factor of 209 and h?
19
Suppose 3*y + 2*y - 50 = -5*w, -2*y = 3*w - 33. Calculate the greatest common factor of 52 and w.
13
Let j be ((-2)/4)/((-2)/120). Suppose b - 31 + 87 = 0. Let s = b + 101. Calculate the highest common factor of j and s.
15
Let a = 70 + -61. What is the greatest common factor of 99 and a?
9
Let b be 3/(-12) + 439/(-4). Let n = b - -206. What is the highest common factor of 12 and n?
12
Suppose 3*q - 6 = q. Suppose x - q*d = 77, 0*d + 399 = 5*x - d. What is the highest common divisor of 20 and x?
20
Let x(o) = 24*o + 3. Let r = -2 - -5. Let q be x(r). Let c = 0 + 15. What is the greatest common factor of q and c?
15
Let h be -5*(-1)/2 + (-46)/92. What is the greatest common factor of 2 and h?
2
Let n(k) = -k - 1. Let d be n(-14). Suppose 0 = 2*o + 3*o - 260. Calculate the highest common divisor of o and d.
13
Let g(k) = k**2 + 8*k + 2. Let r be g(-9). Suppose -10*d + 4*d = -6. What is the greatest common divisor of r and d?
1
Suppose -5*y + 212 = -13. What is the greatest common factor of 15 and y?
15
Suppose -8*n + 432 + 216 = 0. What is the highest common factor of 9 and n?
9
Suppose 3*h = 2*c, h - 7 - 7 = -4*c. Calculate the highest common divisor of c and 6.
3
Let s(w) = -w + 8. Let d be s(6). Suppose d*j = 3*q - 226, -q = -2*q + 3*j + 87. Calculate the highest common divisor of 9 and q.
9
Suppose 4*o - 68 = 4*h, -4*o - 25 = 4*h + 43. Let g = -7 - h. Let t = 39 + -19. Calculate the highest common divisor of t and g.
10
Suppose 2*w + 0*w - 70 = 0. Let f be (12/18)/(2/27). Suppose 3*l - 6 = f. Calculate the greatest common divisor of l and w.
5
Let n = 90 + 169. Calculate the highest common factor of 37 and n.
37
Suppose 5*o + 3*y - 205 = -36, -o + 39 = -2*y. Let p be ((-1)/(-2))/((-1)/(-10)). Suppose -p*v - 15 + 50 = 0. What is the greatest common divisor of v and o?
7
Suppose 2*r - 6*r = -64. What is the highest common divisor of r and 256?
16
Suppose 3*q - 6*q + 96 = 0. Suppose -q + 2 = -2*t. Let f = 35 - -70. What is the highest common factor of f and t?
15
Let l(z) be the first derivative of -z**2 + 7. Let s be l(-3). Suppose 42 = -3*o + 4*o. Calculate the highest common divisor of o and s.
6
Let p(o) = o**2 - 19*o - 21. Let l be p(21). Calculate the highest common factor of l and 14.
7
Suppose 2*u = -c - 0*u + 60, 5*u - 20 = 0. Calculate the highest common divisor of 13 and c.
13
Suppose -374 = -5*i - 59. Calculate the highest common factor of 7 and i.
7
Let m(w) = 15*w**2 + 2*w + 3. Let b be m(-3). Calculate the greatest common factor of 12 and b.
12
Suppose -10 = -2*n, -48 = -4*r - 4*n + 32. Calculate the highest common divisor of r and 5.
5
Let k = -12 - -47. Calculate the highest common divisor of 10 and k.
5
Suppose -4*k + 11 + 5 = 0. Suppose 2*q + 0*q + 2*z = -16, -20 = q + k*z. Let w = q - -17. Calculate the greatest common divisor of 117 and w.
13
Let m(d) = d**2 + 6. Let l be m(0). Let z be 2 + (19 - (l + -3)). Calculate the greatest common divisor of 18 and z.
18
Suppose 57 = 7*w + 8. Calculate the highest common divisor of 63 and w.
7
Let n(g) = -g + 9. Let c be n(6). Let w = 26 - 11. What is the highest common factor of c and w?
3
Let d be (2/(-5))/(1/(-5)). Suppose 0 = -3*j + 2*x - 97, -3*j + 6*x - d*x - 89 = 0. Let c = j + 145. Calculate the highest common factor of 10 and c.
10
Suppose 0 = 2*c - 6*c + 80. What is the highest common factor of c and 60?
20
Let q be 5/(0 - 0 - -1). Suppose -71 = -5*x - 2*b, q*x - 3*b - 81 = -0*x. Let h be x/(-6)*8/(-5). What is the highest common factor of 10 and h?
2
Suppose 2*d - 2*q - 12 = 0, q + 70 = 5*d + 6*q. Let v = d - -6. What is the greatest common factor of 32 and v?
16
Let j be 40/6*(4 - (-4)/8). Calculate the greatest common factor of j and 60.
30
Let p be -6*((-27)/6 - -3). Suppose p*u - 12 = 5*u. Suppose 7*l - 204 = u*l. Calculate the greatest common divisor of 34 and l.
17
Suppose 7*q - 3*q = -5*k + 165, 5*q + 2*k = 219. Let w be 14 + 2 + 7/(21/6). Calculate the greatest common factor of w and q.
9
Let t(v) = 36*v**2 - 1. Let b be t(1). Let p be 28/(-32)*-6 - 6/24. Calculate the highest common divisor of b and p.
5
Suppose 0*m + 1386 = 21*m. Let k be 5 - (-3 + 3 + -1). Calculate the greatest common divisor of m and k.
6
Suppose -5 = -4*g + 3. Suppose -5*y = -5, -107 = -q + g*y + 3*y. Suppose 0 = -5*x + x + q. Calculate the greatest common divisor of 7 and x.
7
Suppose -4*k = -5*k + 2*j - 3, 4*k = -2*j - 2. Let t be (10/3)/(k/(-3)). What is the greatest common divisor of t and 15?
5
Suppose 3*w = 4*w - 2. Let n = -1 + -14. Let r be 4/(-10) - 81/n. Calculate the greatest common divisor of w and r.
1
Suppose 11*c + 28 = 13*c. Let a be -2 - -2 - -97 - -1. Calculate the highest common factor of c and a.
14
Let b = 9 - 1. What is the greatest common divisor of 24 and b?
8
Let n = 8 - 7. Let c(l) = 12*l**2 - l + 1. Let k be c(n). Calculate the greatest common factor of k and 6.
6
Let w(r) = 36*r**2 + 2*r + 4. Let q be w(-2). Calculate the greatest common factor of 16 and q.
16
Suppose 3*g = 10*g - 133. Calculate the greatest common factor of g and 171.
19
Let m be (1 + -5)*3